rivative of -g**6/720 - g**5/120 - g**4 - 18*g. Let z(d) be the third derivative of h(d). Give z(n).
-1
Let k(o) = -3*o - 11. Let l be k(-5). Suppose -p + l*p + 5*t - 6 = 0, 8 = 4*p - 3*t. Suppose -p*r = 2*r + 4. Let j(c) = 6*c + 1. Calculate j(r).
-5
Let t(a) be the second derivative of a**7/2520 - a**6/80 - a**5/60 + a**4/3 - a**3/6 + 41*a - 1. Let x(j) be the third derivative of t(j). What is x(8)?
-10
Let p(s) = -s + 2. Let n be 20/3*((-9)/(-4))/3. What is p(n)?
-3
Let r(d) be the second derivative of -d**4/6 + 5*d**3/6 - 3*d**2/2 + d. Let f be 6/(-4) - ((-100)/8 - -4). Suppose 0 = -f*q + 21. What is r(q)?
-6
Let l(s) be the third derivative of 11*s**6/120 + s**4/12 + s**3/6 - 19*s**2. Let h = -116 - -115. Calculate l(h).
-12
Suppose -1 = q - x - 0, 4*q = -2*x + 8. Let m(y) = -5*y + 1. What is m(q)?
-4
Let q(b) be the first derivative of b + 19. Let m(v) = 4*v**2 - 6. Let n(s) = m(s) + 6*q(s). Give n(-1).
4
Let w(i) = i + 82*i**2 - 165*i**2 - i + 80*i**2 + 1. What is w(2)?
-11
Let v(y) = -y + 4. Let i be v(4). Suppose -20 + 2 = -3*k. Let n(l) = l. Let m(w) = w**2 + 6*w - 6. Let x(z) = k*n(z) - m(z). Determine x(i).
6
Suppose 9*u - 284 + 329 = 0. Let q(c) = c**3 + 7*c**2 + 5*c - 6. Give q(u).
19
Let h(q) = 64*q + 73*q - 1 - 136*q. What is h(-2)?
-3
Let r(b) = 2*b**3 - 10*b**2 + 6*b + 2. Let p(f) = -f**3 + 5*f**2 - 2*f - 1. Let o(k) = -7*p(k) - 3*r(k). Calculate o(6).
13
Let a be 10/2*(-1)/(-1). Let u(f) = -5*f + 7 - 1 - a - f. Suppose h + 3 = 3*m, -14 = -2*m - 2*m - 2*h. Give u(m).
-11
Let c(n) = -4*n - 12. Let f be c(-4). Let p(v) be the third derivative of 0 - 1/30*v**5 + 1/3*v**3 + 5/24*v**4 + f*v**2 + 0*v - 1/120*v**6. What is p(-3)?
-4
Suppose 0 = -r + 5, -10*r - 47 = 4*p - 13*r. Let m(j) = -j**2 - 5*j + 18. Give m(p).
-6
Let q be (-3)/(-15) + 46/(-10)*2. Let i(f) be the first derivative of -f**4/4 - 10*f**3/3 - 11*f**2/2 - 5*f - 2. Calculate i(q).
13
Let l(s) = -s**3 + 3*s**2 - 5. Suppose -6*h = -80 + 458. Let p be (-216)/h + (-3)/7. Let w be l(p). Let x(c) = -c**2 - 4*c + 6. Give x(w).
1
Let f(s) = 2*s - 5*s + 2*s. Let y = 6 - 8. Let w(p) = -2*p + 1. Let n(l) = y*f(l) - w(l). Determine n(2).
7
Let r(z) = 9*z + 2. Let n(i) = -7*i - 3. Let b(c) = 5*n(c) + 4*r(c). Give b(4).
-3
Let z be 42/(-8) + 3/12. Let h(g) be the second derivative of g**4/12 + 4*g**3/3 + 3*g**2 - 24*g - 13. Give h(z).
-9
Let s(j) = -4*j**3 + j + 1. Suppose -3*b + 7 = 22. Let q(n) = n**3 + 5*n**2 - 3*n - 16. Let x be q(b). Calculate s(x).
4
Let r(o) = -3*o**3 + o. Let j be r(1). Let g be (j/(-4))/((-4)/48). Let b be 0 + 4 + (-4 - g). Let m(l) = l**3 - 5*l**2 - 6*l - 4. Give m(b).
-4
Let l(c) = -c - 7. Let j be l(-6). Let o(w) be the first derivative of 52*w + 12 + 6*w**2 - 102*w + 50*w. Determine o(j).
-12
Suppose 0 = 3*k - 7*k + 4. Let g(u) = -8 + 1 + k - u + 3 - u**2. Determine g(0).
-3
Suppose 0 = 5*j - 4*j + 4. Let c be (-1)/(3/12 + 7/28). Let o be (-3)/c + j/8. Let a(t) = 5*t - 1. Determine a(o).
4
Let o(v) be the second derivative of v**5/20 + v**4/3 + v**3/3 + v**2 - 2*v + 7. Give o(-3).
5
Let l(q) = 4 + 4*q**3 + 3 + 4*q**2 + q - 4. Let d(s) = 11*s**3 + 13*s**2 + 3*s + 9. Let r(t) = 3*d(t) - 8*l(t). Determine r(-7).
-4
Let q(h) be the second derivative of -h**3/3 - 9*h**2 - 130*h. What is q(-8)?
-2
Let z(u) = -2*u**2 - 32*u - 28. Let o(g) = g**2 + 15*g + 13. Let k(t) = 5*o(t) + 2*z(t). Calculate k(-10).
-1
Suppose -10 = -39*t + 44*t. Let a(c) be the third derivative of 5*c**4/24 - c**3/3 - 10*c**2. Calculate a(t).
-12
Let v = 688 + -686. Let o(m) be the second derivative of -1/6*m**3 + 0 + 5*m - 5/6*m**4 + 0*m**v. Determine o(-1).
-9
Let q(b) = 382 - 198 - 191 + 4*b. Calculate q(3).
5
Let l(x) be the third derivative of -x**4/12 - 3*x**3/2 + 23*x**2. Let q = 121 - 131. Determine l(q).
11
Suppose -4*n - 8 = -2*l - 0*n, -4*l + 20 = -4*n. Let u(m) = -m**3 + 5*m**2 + 8*m - 4. Determine u(l).
8
Let t(x) = 1 - 5*x + 21*x - 13*x - 3*x - 2*x. Suppose 5*m = 3 - 13. Give t(m).
5
Let v(q) be the second derivative of q**5/20 - q**4/4 + 5*q**3/6 - 2*q**2 - 8*q + 4. Determine v(2).
2
Let o(m) be the second derivative of 2*m**3/3 + m**2 - 53*m. Suppose -1 - 8 = 3*x. Calculate o(x).
-10
Let i = 70 + -66. Let x(g) = -g**2 + 4*g. Give x(i).
0
Let k(d) = -d**3 + d**2 + d. Let r(z) = -z**3 + 9*z**2 - 2. Let j(f) = 2*k(f) - r(f). Give j(-7).
-12
Let u(q) be the first derivative of 0*q**2 + 1/20*q**5 - 5/6*q**3 + 4 + 5/12*q**4 + 4*q. Let w(f) be the first derivative of u(f). Calculate w(-6).
-6
Let u(o) = -2*o - o**2 + 5*o + 2*o**2. Let a = -193 - -287. Suppose a*l - 9 = 97*l. What is u(l)?
0
Let k(t) = -t**2 + 7. Suppose -l = -5*v + 11, 4*l - 4*v - 31 = v. Suppose 0 = -11*n + l*n. Determine k(n).
7
Let s(z) = -11*z + 1. Let g be ((-18)/(-14) - -2) + 60/(-210). Give s(g).
-32
Let u(t) be the third derivative of t**5/60 + 5*t**4/12 - 19*t**3/6 - 390*t**2. Give u(-13).
20
Let o(f) = -11*f**3 - 15*f**2 - 13*f - 17. Let c(n) = 4*n + 4*n + 7*n**2 - 3*n + 5*n**3 + n + 8. Let v(g) = -13*c(g) - 6*o(g). Give v(0).
-2
Let n(h) be the second derivative of -2*h**4/3 - h**3/6 - h. Let j be 0 - 22/(-3) - (-2)/(-6). Suppose 0 = q - 5*g + 4, -3 = -q - 9*g + j*g. Calculate n(q).
-9
Let s = -7 + 4. Let a(r) be the third derivative of -r**5/30 - r**4/6 - r**3/2 - 183*r**2. Give a(s).
-9
Let a(o) = 2*o - 13 + 48 - 20 - 17. What is a(-2)?
-6
Suppose -24*c = -2*c + 176. Let x(g) = g**3 + 8*g**2 - g - 5. Give x(c).
3
Let v(f) = -3*f**2 - 2*f + 1. Let w(r) = -r + 7. Suppose -u = z - 2, -4*u + 0 - 8 = 0. Let s be w(z). Let n be (-1)/1*s/(-3). Calculate v(n).
-4
Let m(z) = -z**3 + 6*z**2 - 6. Suppose -2*y + 8 = 2. Suppose -i - y*n - 9 = 0, 0 = n + 3*n + 20. Give m(i).
-6
Let x(z) = z**3 - 7*z**2 - 5. Let y be (66/(-36))/11 + (-398)/(-12). Let m = 6 - 1. Suppose -m*l + 2 + y = 0. Determine x(l).
-5
Let s(o) = 1 + 3 - 5 + 5*o. Let t be (-1 + 0)*-1 - 0. Suppose 2*n - t = 1. What is s(n)?
4
Let t(x) be the third derivative of x**4/12 + 2*x**3/3 - 18*x**2. Let v be t(0). Let p(y) = -2*y + 5. Give p(v).
-3
Let l(w) = -w**3 - 2*w**2 + 2*w - 2. Suppose 2*a - 8 = -0*a. Suppose 10 = a*d + 3*m, 2*d + 5*m - 4 = 4*m. Suppose 4 - d = -f. What is l(f)?
1
Let t(u) = u**2 + 12*u + 3. Let f be t(-12). Suppose f = -2*p - i - 6, 2*i = 3*p + 17. Let k(c) = -c**2 - 2*c + 3. Determine k(p).
-12
Let j be 2 + (3 - 1) + -2. Let d(p) = -p**j + 0 - 3 + 1. What is d(3)?
-11
Let b(r) be the first derivative of 2*r**2 + 3*r + 136. Let m = -6 - -3. Give b(m).
-9
Let j(m) = 2*m + 55. Let v(y) = -y - 26. Let o(u) = -2*j(u) - 5*v(u). Calculate o(-12).
8
Suppose 3*j - 163 = -4*l, 141 = 2*l + l - 4*j. Let p = l + -39. Let w(a) = -a + a**2 - 5*a - 2 - 2. Determine w(p).
-12
Let f(y) = y**2 - 15*y + 16. Suppose 16*p - 18*p + 26 = 0. What is f(p)?
-10
Let j = -20 + 26. Let h(r) = 3*r - 3*r**2 - j*r**2 + r**3 + 9*r**2 + 2 - 7*r**2. Calculate h(6).
-16
Let h(s) = -3*s + 1. Let f(o) = 20*o - 5. Let c(d) = f(d) + 6*h(d). Suppose 3*l - 5*l + 4 = 0. Suppose 3*r + 0*u + l*u = -7, 0 = 3*r + 5*u + 22. Calculate c(r).
3
Suppose -3*f + 2*f = -4*x - 15, 24 = 4*f - 4*x. Let o(h) = 2*h**3 + 3 + 4 - 2*h**3 + 7*h + h**f + 6*h**2. Determine o(-5).
-3
Let h(s) be the third derivative of s**6/360 + 3*s**5/40 + 3*s**4/8 + s**3/2 - 2*s**2. Let w(v) be the first derivative of h(v). Calculate w(-7).
-5
Let v(j) = -j**2 + 41*j - 309. Let q be v(11). Let p(a) = a**2 - 21*a - 10. Calculate p(q).
-10
Let b(x) = -3*x - 3. Let j(q) = q**2 - 21*q + 35. Let a be j(22). Suppose 21*m - 2*m + a = 0. Determine b(m).
6
Let k(v) = -2*v + 11. Let j = 6 - -2. Suppose -9*q = -5*q + j. Let o(r) = -r + 5. Let y(f) = q*k(f) + 5*o(f). Determine y(4).
-1
Let b(h) = 0*h - h + 7*h + 126 - 130 + h**2. Let i be (2 + 0 - -1)*1. Suppose i*d + 24 = -d. Give b(d).
-4
Let y(j) = j**2 + 6*j + 5. Let a(c) = -5*c - 5. Let v be 3/4 - 31/4. Let g be a(v). Suppose -3*q + 12 - g = 0. Determine y(q).
5
Let h(w) = w**2 - 4*w - 3. Let c(a) = a**3 - a**2. Let b be c(1). Suppose b = 5*u + 2*p + p - 36, -2*p = -4. What is h(u)?
9
Let q(c) be the first derivative of c**7/840 - c**6/72 - c**5/40 + c**4/12 - c**3 - 3. Let r(u) be the third derivative of q(u). Calculate r(5).
-13
Let s(h) = 8*h - 4. Let p(r) = 14*r - 7. Let y(x) = 3*p(x) - 5*s(x). Give y(6).
11
Suppose -3*t = 2*t - 10. Let d(w) = 0 - 2 + w**t 